 + (5 - -1)?
0
1 + -3 - (10 - 9) - 1
-4
Calculate 9 - (-3 - -4 - -18).
-10
7 - (3 - (6 - (2 + 0)))
8
8 + 1 + 1 + -6 + 1
5
-4 + (-2 + 5 - 1)
-2
What is the value of -1 - (3 - (4 - (0 + -3)))?
3
Evaluate -2 + (4 - (4 - 4)).
2
What is the value of (2 - 3 - -1) + 3?
3
0 - 1 - (-5 + -15 + 25)
-6
What is -5 - (-2 - (-5 + 10 + 2))?
4
1 + 0 + -7 + 10
4
Calculate 0 - -12 - (17 + -12).
7
Evaluate (-19 - -24) + (0 - 1) + 1.
5
What is the value of -2 - (-1 - (-5 + 2 - -3))?
-1
Evaluate (2 + 2 - -2) + -4 + 3.
5
What is the value of (-12 - -12) + (0 - (8 - 2))?
-6
What is (0 - (4 + 1)) + (-3 - -4)?
-4
Calculate (8 - 22 - -6) + 3.
-5
Calculate -3 - (-5 + 4 - 6) - -2.
6
Evaluate -2 + (1 - 1) + 1 + 1.
0
Evaluate 11 - (11 + 8 + -17).
9
Calculate (-8 - -4 - -2) + 7.
5
Evaluate 6 + -4 + 0 - 2.
0
5 + 5 + -6 + 1
5
What is (-13 - -2 - (13 + -20)) + -5?
-9
Evaluate (-2 - -1 - (-8 + 4)) + -2.
1
4 - 2 - (-2 - -2 - -1)
1
What is (11 - 24) + (4 - 3) + 2?
-10
Calculate (8 - 4) + -3 - -2.
3
What is 2 + -4 + 3 - 0?
1
Evaluate 2 - -1 - 6 - -10 - 5.
2
Evaluate (-4 - 2 - -5) + (5 - -1).
5
2 - (12 + -8 + (-1 - -1))
-2
Calculate 11 - (3 - -2 - -11).
-5
-4 + (1 - (0 + (-1 - -2)))
-4
Calculate 3 - (3 + (6 - 5)).
-1
What is 0 + 1 - (3 + -5 + 1)?
2
Evaluate -19 + 23 + (0 - 0).
4
What is the value of 0 - (-3 - (-10 + 6))?
-1
-10 + (-13 - (-9 + 3) - -10)
-7
Evaluate (0 - 3) + -1 + 3 - -1.
0
What is the value of -6 + -5 + (4 - -3) + 11?
7
Calculate -3 - (-24 + (12 - -2)).
7
What is -5 + (5 - 3) + (3 - 6)?
-6
Calculate 13 - 19 - (0 + -7 - 2).
3
What is -1 + 0 - (-5 - (-1 - 2))?
1
What is -2 - (1 - 2) - (-1 - -5)?
-5
What is (-31 - -29) + (-2 - -1)?
-3
Evaluate -3 - ((-11 - -25) + -24).
7
Calculate (-8 - -1) + 4 + 2.
-1
Calculate (46 - 50) + -2 + 7.
1
What is the value of 6 + -4 - (2 + 3)?
-3
-3 + (6 - 0) + -2 - -6
7
Evaluate (3 - (-12 - -11)) + -12.
-8
Calculate 8 + (5 + -2 - 6).
5
What is the value of 1 + 3 + -17 + 9?
-4
What is 2 + 11 + -12 + 7 + -3?
5
What is the value of -10 + (9 - (-2 - -2))?
-1
4 + -1 + -185 + 184
2
What is 5 - (-4 - -4) - (3 + -1)?
3
6 - (-5 - -12 - -1)
-2
What is the value of (-5 - ((1 - -2) + -8)) + 1?
1
What is the value of -14 + 4 + 5 + (-4 - -3)?
-6
Evaluate -2 + (1 - -6) + (-24 - -10).
-9
Evaluate -6 - (1 + -6 - 1).
0
-4 - (-7 + (6 - 2))
-1
What is (-5 - (3 + -8)) + (1 - -3)?
4
What is the value of -6 + (21 + (-10 - -6) - 8)?
3
Evaluate -2 - (-5 - (1 - 6 - -6)).
4
What is the value of -2 + 0 + 1 - -9 - 4?
4
Calculate 4 + (-4 - -7) - 2.
5
0 + -2 + 7 + -4
1
What is (-18 - -28) + -4 + (0 - 6)?
0
What is the value of 3 + (-3 - ((-1 - -4) + -5))?
2
Evaluate 11 - 5 - 10 - (3 - 6).
-1
What is the value of (0 - 4) + (-2 - -7)?
1
Calculate 2 + (0 - 3) - 3 - -9.
5
What is -3 + 2 + 1 + (57 - 52)?
5
What is 2 + (-7 - (4 - 6))?
-3
What is the value of -2 + -1 - (9 - 11)?
-1
Evaluate 1 - (4 + -1) - (-303 - -305).
-4
Evaluate -8 + (2 - -6 - 1) - -5.
4
What is the value of (1 - -7) + -19 + 7?
-4
What is 7 - 20 - -5 - 6 - -6?
-8
What is 0 + -1 - (11 - 4) - -6?
-2
What is the value of 12 + 1 - (11 + -4)?
6
What is 2 + 2 + -6 - 1?
-3
What is (33 - 25) + 0 + -8?
0
What is the value of 7 - 4 - 4 - 4?
-5
What is the value of 0 + (4 + -5 - -3)?
2
Evaluate -1 + 4 + -7 - (-5 - -1).
0
Evaluate 30 - 39 - (-2 + 3).
-10
(-14 - -17) + (0 - 1)
2
Evaluate 9 - (4 - (-10 - -7)).
2
What is the value of -6 - (3 + 2 + -6)?
-5
What is -4 - ((10 - 6) + -6)?
-2
Evaluate 2 + 4 - (1 + 1).
4
What is the value of (6 + 5 - 16) + -1 + 3?
-3
What is the value of 0 + 4 + -1 + -7?
-4
(7 - 11) + (1 - (-1 + 2))
-4
What is the value of -10 + -9 + 18 + 2?
1
What is the value of -2 + 5 - 8 - -8?
3
Evaluate 2 + (-10 - -4) + -2 + 6.
0
What is the value of (-3 - -3) + (-6 - -1)?
-5
What is the value of (-3 - -1 - -4) + 3?
5
What is the value of (8 - (1 - 1)) + -4?
4
Calculate (-5 + 2 - (-1 + 8)) + 3.
-7
Calculate -5 + 0 + (16 - 11) - 2.
-2
What is (0 - (1 - -1)) + 6 + -6?
-2
Evaluate -6 - (-1 + 1 + -6 - -6).
-6
Evaluate (9 - 28) + (3 - -7).
-9
What is 1 + (8 - (-2 - -7) - 2)?
2
Evaluate -3 - (4 + 1 + -2 + -4).
-2
Calculate 6 + (0 - 1) + 6 + -2.
9
What is (4 - -1) + (-20 + 9 - -10)?
4
13 + -1 + -8 + -6 + 1
-1
Calculate (7 - (-7 - -17)) + 2.
-1
What is -4 + -2 + 3 + -1 + 1?
-3
3 + 0 + 1 + (6 - 4)
6
-11 + (9 - 12) + 7
-7
Calculate -4 - ((4 - 6) + -1 - -1).
-2
What is 2 - (2 - (1 + -2))?
-1
What is -15 - -13 - (-4 - 0)?
2
Calculate 2 + -1 + (-8 - -9) + 3.
5
-3 - (1 + (-7 - -8))
-5
What is the value of (-6 - -15) + -8 + 4?
5
-22 + -7 + 9 - -11
-9
What is the value of (2 - 0 - 1) + 1 + 0?
2
What is the value of 0 + -2 - (9 + -10) - 3?
-4
Evaluate -8 + 7 + (-2 - -1) + 3.
1
Calculate 3 - (-13 + -2 + 9).
9
Calculate -6 + (4 - 3) + 10.
5
(1 - (-4 + 2)) + (-20 - -22)
5
What is 3 + (5 - 9) + 4?
3
Evaluate (5 - (9 - 5)) + -4.
-3
(1 - 5) + 5 + (-4 - -5)
2
What is 3 + (6 - 5) + 1?
5
-11 - (-22 - -10 - -4)
-3
4 + -1 - ((-1 - -20) + -20)
4
What is the value of 15 + -19 - (-3 + 2 + 1)?
-4
Calculate (1 + 5 - (14 + -9)) + -5.
-4
Evaluate (7 - 3) + (1 - -1 - 2).
4
Evaluate -4 + (-3 - -7) - 2.
-2
What is the value of -5 - (3 + (-5 - -5) + -5)?
-3
-1 + -2 + 4 - 0
1
Calculate (-6 - -4) + (-1 - -3).
0
What is the value of 0 + 2 + -6 - -1 - -2?
-1
2 - (18 + -8 - (4 - -1))
-3
(6 - (4 - (-8 - -1))) + -5
-10
What is the value of 1 + -2 + 1 + -3 + -5?
-8
What is the value of -10 + 1 + 6 - (1 + 0)?
-4
What is the value of 18 + -10 - 23 - -9?
-6
Evaluate (9 - 16) + (-2 - -4).
-5
Calculate (-3 - 0) + -201 + 207.
3
Evaluate (-1 - -4) + (3 - 0) - 8.
-2
Evaluate -31 + 39 - (-2 - -17).
-7
What is 8 + (-4 - -5) + -3?
6
Evaluate -1 - 7 - (13 + (-3 - 15)).
-3
-1 + (0 - -1) - (0 - -5)
-5
Calculate -3 + (-6 - -5) + 6.
2
What is the value of -6 - -1 - (-1 - (-2 + 3))?
-3
-11 - (-1 - (13 - 7))
-4
Calculate -1 + (10 - (2 + -3 - -8)).
2
4 - (2 + -3 - 0)
5
Calculate -2 + 3 + -6 + 1.
-4
What is the value of -3 - (11 + (-4 - 2))?
-8
-25 + 25 + (0 + 2 - 0)
2
Evaluate -1 - (-1 + -2 + 30 + -28).
0
Evaluate 98 + -117 - (-1 - 9).
-9
What is the value of 23 + (-17 - -3) - (3 - 0)?
6
What is -2 - -1 - (-11 + (9 - 9))?
10
Calculate (-6 - (-4 + 2 - -2)) + 14.
8
What is the value of 5 + (-8 - -2) + -6?
-7
What is 6 + 4 - (0 + 13)?
-3
Evaluate -3 + (14 - (18 + -2)).
-5
What is -1 + -4 + 5 + 2?
2
What is 1 + 2 + (-2 - (-1 + 1))?
1
Calculate (8 - 4) + (-10 - -4).
-2
What is the value of 12 - (15 - (12 + -13))?
-4
8 - (25 + 0 - 10)
-7
What is -4 - (-3 + (3 - 0)) - -7?
3
Calculate -2 + 0 + (8 + -6 - -1).
1
-8 + (-3 - (-4 - 4))
-3
Calculate (1 - -1) + -2 + -1.
-1
10 + (-1 - 8) - (-1 - 0)
2
What is 5 - (0 + 6 - 6)?
5
What is the value of -3 + 1 - (-1 + -1) - -2?
2
What is the value of 6 - (18 - (13 + -6))?
-5
Evaluate 14 - 10 - (1 + 5).
-2
What is -1 + 7 - (16 - 8)?
-2
What is the value of -9 + (2 - -1) + 1?
-5
Calculate (-2 - -2) + (3 + 4 - 5).
2
What is the value of 1 + (1 - -2) + -3 + -5?
-4
Evaluate 8 - ((2 - 4) + 5).
5
What is -1 - -1 - (2 + 1)?
-3
Calculate (-9 - -4) + -2 + 7 - -4.
4
What is 1 - 1 - (22 - 21)?
-1
Evaluate -12 + (0 - (1 - (7 - 1))).
-7
-15 - -19 - (0 + -3)
7
Evaluate 5 + -17 + (-2 - -8).
-6
Calculate -27 + 28 + (0 - 2).
-1
Calculate 1 - (1 + -3) - (1 + 2).
0
Evaluate -3 - (-3 + (-3 - (0 + -5))).
-2
What is the value of 7 + (-11 - ((2 - 8) + -2))?
4
6 - 5 - (30 - 26)
-3
What is -3 + (3 - (0 + 2))?
-2
Evaluate -3 - 1 - ((1 - 3) + -4).
2
What is (8 - (-3 + -2 + 11)) + 4?
6
Calculate -5 - (12 + -7 - 9).
-1
What is the value of (-12 - -6 - -8) + 2 + -2?
2
Evaluate 7 - 3 - (4 + 3 + 0).
-3
Evaluate (7 - 9) + (0 - (3 - 0)).
-5
What is the value of -4 + (3 - (6 + (3 - 6)))?
-4
What is the value of 3 + (6 - (1 - -7))?
1
What is the value of -7 + 1 + -1 + 3?
-4
11 + -8 + -14 + 10
-1
What is the value of 7 + (9 - 30) + 6?
-8
What is -2 - -4 - (10 + -6 + -1)?
-1
Calculate 2 + -6 - (-6 - 0) - 4.
-2
0 + -2 + 0 + -2 + 0
-4
Calculate (-2 - -4) + -6 - (-15 - -13).
-2
Calculate (3 - 1) + (2 - 9).
-5
Calculate 10 + 1 + (0 - 4) - 9.
-2
Evaluate (1 - 1) + (0 - (13 + -7)).
-6
What is the value of (9 - 11) + (1 - 0) + -4?
-5
What is (-1 - (11 - 6)) + -4 - -2?
-8
(4 - (0 - -4)) + 5 + -8
-3
What is the value of -1 + (2 - (-3 - -1)) + 0?
3
Calculate -8 + (0 - -3) - 0.
-5
-1 + (-2 - 2) + 8
3
What is (5 - 6) + 2 - -1?
2
13 + -5 - (1 - -1 - -1)
5
What is 2 + 4 - (5 - 2)?
3
-1 + 5 